445.
8
Calculate the remainder when 39588 is divided by 2371.
1652
What is the remainder when 436830 is divided by 15599?
58
Calculate the remainder when 19048 is divided by 7840.
3368
What is the remainder when 992752 is divided by 183?
160
Calculate the remainder when 16775634 is divided by 17.
0
Calculate the remainder when 58401624 is divided by 19467202.
18
Calculate the remainder when 253019 is divided by 6645.
509
Calculate the remainder when 148447923 is divided by 251.
248
What is the remainder when 2444167 is divided by 1184?
391
What is the remainder when 1885482 is divided by 4725?
207
What is the remainder when 137650 is divided by 44372?
4534
What is the remainder when 533646 is divided by 490?
36
What is the remainder when 50402 is divided by 4157?
518
What is the remainder when 2644109 is divided by 9654?
8567
Calculate the remainder when 27752391 is divided by 28.
23
What is the remainder when 7391238 is divided by 1055891?
1
Calculate the remainder when 3361834 is divided by 4070.
14
What is the remainder when 610210 is divided by 204?
46
What is the remainder when 2344124 is divided by 85?
79
What is the remainder when 240837 is divided by 2156?
1521
Calculate the remainder when 67198449 is divided by 44.
21
Calculate the remainder when 206688 is divided by 4809.
4710
Calculate the remainder when 206279 is divided by 68757.
8
What is the remainder when 840823 is divided by 168159?
28
Calculate the remainder when 3030881 is divided by 41.
38
Calculate the remainder when 111496437 is divided by 1784.
5
What is the remainder when 6342860 is divided by 2469?
2468
Calculate the remainder when 80466684 is divided by 178.
4
Calculate the remainder when 12667885 is divided by 1576.
1573
Calculate the remainder when 207628 is divided by 7985.
18
Calculate the remainder when 64368 is divided by 29133.
6102
Calculate the remainder when 71756630 is divided by 456.
14
What is the remainder when 466879 is divided by 160?
159
Calculate the remainder when 3227854 is divided by 683.
679
Calculate the remainder when 163576 is divided by 4811.
2
Calculate the remainder when 1501192 is divided by 2657.
2644
Calculate the remainder when 4578009997 is divided by 1850.
1847
Calculate the remainder when 82988 is divided by 27277.
1157
What is the remainder when 1521787 is divided by 152178?
7
What is the remainder when 212796017 is divided by 9?
8
What is the remainder when 68373 is divided by 7544?
477
What is the remainder when 13250840 is divided by 530030?
90
Calculate the remainder when 3488746 is divided by 581455.
16
Calculate the remainder when 1666134 is divided by 277.
256
Calculate the remainder when 2377867 is divided by 270.
247
What is the remainder when 69965667 is divided by 622?
619
Calculate the remainder when 162383 is divided by 44.
23
What is the remainder when 10193230 is divided by 926654?
36
What is the remainder when 3517569 is divided by 21448?
97
Calculate the remainder when 11230592 is divided by 95.
72
Calculate the remainder when 2257604 is divided by 14748.
1160
What is the remainder when 9315135 is divided by 55119?
24
Calculate the remainder when 5332064 is divided by 126953.
38
Calculate the remainder when 5702710 is divided by 1029.
1021
What is the remainder when 47223 is divided by 23530?
163
What is the remainder when 2656101 is divided by 748?
701
What is the remainder when 526480 is divided by 840?
640
What is the remainder when 3658 is divided by 218?
170
What is the remainder when 3204379 is divided by 320430?
79
What is the remainder when 74379 is divided by 17653?
3767
Calculate the remainder when 11925005 is divided by 372656.
13
Calculate the remainder when 144389 is divided by 43825.
12914
Calculate the remainder when 1774677 is divided by 11831.
27
What is the remainder when 626681 is divided by 2161?
2152
Calculate the remainder when 8205417 is divided by 1956.
1953
What is the remainder when 260607 is divided by 26025?
357
Calculate the remainder when 21054184 is divided by 3509027.
22
What is the remainder when 14275650 is divided by 155?
150
What is the remainder when 6271160 is divided by 1057?
1036
What is the remainder when 1348531 is divided by 605?
591
Calculate the remainder when 189943837 is divided by 3859.
3857
Calculate the remainder when 9789303 is divided by 3263047.
162
What is the remainder when 13933 is divided by 705?
538
Calculate the remainder when 141814635 is divided by 2588.
2587
Calculate the remainder when 4402898 is divided by 18815.
188
Calculate the remainder when 443087 is divided by 359.
81
Calculate the remainder when 1554129 is divided by 48.
33
What is the remainder when 107940 is divided by 35962?
54
What is the remainder when 12624306 is divided by 3018?
12
What is the remainder when 942167 is divided by 6893?
4719
What is the remainder when 17890107 is divided by 307?
296
Calculate the remainder when 23078 is divided by 11474.
130
What is the remainder when 5057895 is divided by 481?
180
What is the remainder when 118796 is divided by 1200?
1196
Calculate the remainder when 3128480 is divided by 74487.
26
Calculate the remainder when 5086107 is divided by 1084.
1063
What is the remainder when 148936 is divided by 74159?
618
Calculate the remainder when 164312 is divided by 2757.
1649
What is the remainder when 1704306 is divided by 90?
66
Calculate the remainder when 91638 is divided by 3625.
1013
What is the remainder when 96415271 is divided by 1187?
9
Calculate the remainder when 89268 is divided by 608.
500
Calculate the remainder when 214948 is divided by 85.
68
What is the remainder when 34229115 is divided by 24?
3
What is the remainder when 9501498 is divided by 164?
158
Calculate the remainder when 2004635 is divided by 80185.
10
Calculate the remainder when 1133322 is divided by 1503.
60
What is the remainder when 10792316 is divided by 3597436?
8
What is the remainder when 113099 is divided by 869?
129
What is the remainder when 293557 is divided by 1411?
69
What is the remainder when 1022636 is divided by 340216?
1988
What is the remainder when 42470 is divided by 4694?
224
Calculate the remainder when 1026910 is divided by 121.
104
What is the remainder when 9560225 is divided by 4780110?
5
Calculate the remainder when 96421180 is divided by 620.
20
Calculate the remainder when 1070253 is divided by 152890.
23
Calculate the remainder when 73499 is divided by 1878.
257
Calculate the remainder when 138053095 is divided by 2820.
2815
Calculate the remainder when 806302 is divided by 1071.
910
What is the remainder when 195231 is divided by 12190?
191
Calculate the remainder when 13918737 is divided by 1719.
1713
Calculate the remainder when 4201669 is divided by 4572.
1
What is the remainder when 423210 is divided by 175?
60
What is the remainder when 48527695 is divided by 48527695?
0
Calculate the remainder when 907632 is divided by 12965.
82
Calculate the remainder when 17291321 is divided by 17291313.
8
Calculate the remainder when 1164614 is divided by 137.
114
Calculate the remainder when 34795551 is divided by 1682.
17
What is the remainder when 497748172 is divided by 6?
4
What is the remainder when 108294 is divided by 1061?
72
Calculate the remainder when 15926654 is divided by 779.
778
Calculate the remainder when 46613755 is divided by 3840.
3835
What is the remainder when 4874806 is divided by 2437400?
6
Calculate the remainder when 15787542 is divided by 335.
332
Calculate the remainder when 595924 is divided by 10451.
217
Calculate the remainder when 2121474 is divided by 14143.
24
Calculate the remainder when 4912304 is divided by 308.
12
Calculate the remainder when 35298 is divided by 3327.
2028
What is the remainder when 2066176 is divided by 2785?
2491
What is the remainder when 9308143 is divided by 267?
256
What is the remainder when 2513266 is divided by 837712?
130
What is the remainder when 5757 is divided by 1905?
42
What is the remainder when 5512638 is divided by 1378154?
22
What is the remainder when 771218 is divided by 154037?
1033
Calculate the remainder when 30814 is divided by 1189.
1089
Calculate the remainder when 2164116 is divided by 432820.
16
What is the remainder when 3615103 is divided by 903769?
27
What is 